- 166, -4*c = 3*l - 7*l + p. What is the remainder when l is divided by ((-400)/140)/(1/(-7))?
18
Let y = 27 - 22. Let v(u) = -3*u - 1. What is the remainder when v(-6) is divided by y?
2
Let z be (-1)/3*18/(-3). Suppose 0 = z*p + p - 24. What is the remainder when 14 is divided by p?
6
Let q = 1 - -4. Let o(m) = -m**2 + 4*m + 7. Calculate the remainder when 2 is divided by o(q).
0
Let z be 32/14 - 2/7. Let y = z + 1. What is the remainder when (4/12 - 3)*-3 is divided by y?
2
What is the remainder when (-205)/(-3) + ((-15)/(-9) - 1) is divided by 18?
15
Suppose -4*s = 3*y - 28, -2*s = y + 2*s - 20. What is the remainder when 7 is divided by y?
3
Let k be ((-2)/1)/(4/(-6)). Suppose k*o - 19 = -p + 7*o, 4*p + o = 42. Calculate the remainder when 41 is divided by p.
8
Let s(m) = -3*m + 23. Let n = 8 - 3. What is the remainder when s(0) is divided by n?
3
Suppose u = 6*u + 3*t - 15, 2*t + 16 = u. Let l(z) = z**3 - 5*z**2 + 10*z - 6. Calculate the remainder when u is divided by l(2).
0
Suppose 2*q = 2*j + 50, 4*j - 75 - 25 = -4*q. What is the remainder when 74 is divided by q?
24
Suppose -2*g + 28 = 2*g. Calculate the remainder when 11 is divided by g.
4
Suppose 0*f + 5*f - 375 = 0. Suppose f = 2*w + w. Let r(t) = t + 9. Calculate the remainder when w is divided by r(0).
7
Let m = 8 - -24. What is the remainder when 60 is divided by m?
28
Let c(n) = 0*n + 5*n**2 + n - 2*n. Let g be c(1). Calculate the remainder when g*(1 - 0) - -2 is divided by 4.
2
Let a = 25 + -9. Calculate the remainder when 47 is divided by a.
15
Let a be (-20)/(-16) + 2/(-8). Let y = 0 + 5. Suppose -q - y = -3*r - 0*q, 2*r - 5*q = -a. Calculate the remainder when 5 is divided by r.
1
Let d(s) = s**2 - 7*s - 6. Let p be d(6). What is the remainder when 226/4 + p/(-24) is divided by 15?
12
Let w(i) = -i**2 - 4*i + 1. What is the remainder when 3 is divided by w(-4)?
0
Let g(z) = z**2 + 17*z + 17. Let b(c) = -2*c**2 - 33*c - 33. Let m(d) = -6*b(d) - 11*g(d). What is the remainder when 68 is divided by m(-12)?
22
Let c = -51 - -79. Suppose 42 = 5*n + 2*k, -3*n = n + 5*k - 20. What is the remainder when c is divided by n?
8
Suppose -2*c - 545 = -7*c. Calculate the remainder when c is divided by 28.
25
What is the remainder when 81 is divided by ((-48)/54)/(-4) - 428/(-18)?
9
Let m(u) = 3*u**3 - 5*u**2 + u + 21. Calculate the remainder when m(4) is divided by 10.
7
Suppose 0*b = 5*b - 45. What is the remainder when 35 is divided by b?
8
Suppose 2 = n - 1. Suppose -a + n = -12. What is the remainder when 27 is divided by a?
12
Suppose -140 = -83*c + 81*c. Let n(x) = 7*x**3 + 3*x**2 + 3*x. Let t be n(-2). Let v = -26 - t. What is the remainder when c is divided by v?
22
Let v = 63 + -33. Suppose 0 = -3*x + x + v. Calculate the remainder when 43 is divided by x.
13
Let q(x) = 6*x**2 + 5*x + 7. Let v be q(-5). Suppose 0*g = -4*g + v. What is the remainder when g is divided by 9?
6
What is the remainder when 49 is divided by -10*(1 - (-7)/(-5))?
1
Let d(j) = 6*j - 4. Let o be d(6). Let n be 12*(2 - o/(-6)). What is the remainder when 1/(-1) + n/2 is divided by 15?
13
Let y(w) = 18*w**3 + 2*w**2 - 2*w + 1. Calculate the remainder when (1533/(-7))/(-3*1) is divided by y(1).
16
Suppose -u + 90 = y, 184 = 3*u + y - 84. Suppose 0 = -5*a + 45 + 70. What is the remainder when u is divided by a?
20
Let k(f) = f**3 + 7*f**2 + f + 19. What is the remainder when k(-7) is divided by 7?
5
Suppose 0 = -3*b - b + 8. Suppose -4*h + b*h + 6 = 0. Let d = 23 + -15. What is the remainder when d is divided by h?
2
Let k(v) = -6*v + 5. What is the remainder when k(-9) is divided by 16?
11
Let q = -116 - -201. Calculate the remainder when q is divided by 8.
5
Let h(p) = -2*p + 55. What is the remainder when 40 is divided by h(24)?
5
Let c = -2 + -1. Let u(r) = -r**3 - 3*r**2 - 5*r - 3. Calculate the remainder when 21 is divided by u(c).
9
Let s be 0/(-1 - 1/1). Suppose s = 3*m + 9 - 48. What is the remainder when (-2)/(-6) - (-71)/3 is divided by m?
11
Let v(j) = -100*j**3 + 2*j**2 - j - 2. Calculate the remainder when v(-1) is divided by 34.
33
Let d(l) = l**2 + 6*l - 8. Suppose 0 = -5*k + 3*y + 15 + 15, -2*k - 9 = 3*y. Calculate the remainder when d(-8) is divided by k.
2
Suppose -11*h = -8*h - 240. Calculate the remainder when h is divided by 9.
8
Let w = 64 + -34. Suppose 84 = 4*r - 2*v - 2*v, 2*v - 4 = 0. Calculate the remainder when r is divided by (-12)/5*w/(-9).
7
Let a = 24 - 13. Calculate the remainder when 42 is divided by a.
9
Suppose -70 - 20 = -2*a. Calculate the remainder when 85 is divided by a.
40
Let i(p) = p**2 + p + 4. Suppose -24 = -2*c + 6*c. Suppose 3*z - 14 = z - 2*v, -5*v - 85 = -5*z. Calculate the remainder when i(c) is divided by z.
10
Let t(w) = w. Let a be t(8). Suppose 5*g + 4*c = 163, g + 3*g - 120 = 2*c. Suppose 3*f - g = a. What is the remainder when f is divided by 8?
5
What is the remainder when ((-4)/20 - 0) + 206/5 is divided by 21?
20
Let w(c) = -c**3 - 7*c**2 + 7. Suppose -3*o = -2*o - 2*d - 11, -4*o = -5*d - 56. Calculate the remainder when o is divided by w(-7).
5
Suppose 4*v = 3*v + 64. Calculate the remainder when v is divided by 22.
20
Let r = -54 + 57. Calculate the remainder when 13 is divided by r.
1
Suppose 0 = 4*y - 242 - 38. Calculate the remainder when y is divided by 18.
16
Let s(i) = i**3 + 9*i**2 - 4*i - 8. Suppose 0*o - f = 2*o - 108, -5*f = 4*o - 222. Calculate the remainder when o is divided by s(-9).
25
Let s = -14 - -25. Calculate the remainder when s is divided by 2.
1
Let i(s) = -s**3 + 13*s**2 + 15*s - 7. What is the remainder when 27 is divided by i(14)?
6
Let f = 28 - 17. Let s be (-4)/(-14) + 2/(-7). Suppose s = 5*y - 3*y - 62. What is the remainder when y is divided by f?
9
Let l(n) = 1. Let j(b) = 11*b. Let h(i) = -j(i) - 3*l(i). Let d be h(-5). Suppose 3*o = -o + d. Calculate the remainder when 25 is divided by o.
12
Calculate the remainder when 21 is divided by (-1)/5*-5 + 3.
1
Suppose -115 = 5*r + m, 3*m = -m - 20. Let c = r - -93. Calculate the remainder when c is divided by 24.
23
Let b be (-1)/(-1 + 7/8). Let x be 6/(-9) - (-56)/12. Let v = x + b. Calculate the remainder when 34 is divided by v.
10
Suppose -27 - 9 = -4*v. Suppose 2*b = -5*t - 3 + 30, 3*b - 21 = -t. Calculate the remainder when v is divided by b.
3
Suppose -4*y = -8*y + 4*c + 92, 4*c = 2*y - 54. Calculate the remainder when y is divided by 4.
3
Suppose 3*x - 147 = -4*x. Calculate the remainder when 62 is divided by x.
20
Suppose -4*z + 5*n = 0, 5*n - 11 - 29 = -4*z. Suppose 3*k + z = 38. Suppose 26*i - 21*i - 20 = 0. What is the remainder when k is divided by i?
3
Let y be (72/(-32))/(6/(-112)). Suppose 4*t = -5*p + 17 + y, 0 = -t - 5*p + 11. What is the remainder when 31 is divided by t?
15
Suppose -14 = -3*y - 5. Suppose 2*p + 2*p - 5 = 3*u, 4*p = 2*u + 6. Suppose 5*k - 23 = p*t, y = 2*k + 5*t - 12. What is the remainder when 14 is divided by k?
4
Suppose -45 = 11*v - 14*v. Calculate the remainder when 63 is divided by v.
3
Suppose -70 = -2*r - 28. Calculate the remainder when r is divided by 4.
1
Let c(d) = d**2 - 5*d - 25. What is the remainder when c(10) is divided by 13?
12
Let o(l) = -12*l**3 - 2*l**2 + l. Let q be o(1). Suppose 25 = 4*g + g. What is the remainder when (q/(-4))/((-4)/(-16)) is divided by g?
3
Suppose 0 = 3*v + b - 15, 2*v + 2*v + 2*b = 20. Let z be 6/v*40/6. Calculate the remainder when 28 is divided by z + (12/3)/2.
8
Let v(o) = 11*o**3 - 2*o**2 - o + 4. What is the remainder when v(2) is divided by 21?
19
Let d = -9 + 19. Calculate the remainder when 78 is divided by d.
8
Let m(h) = -2*h**2. Let q be m(1). Let o(k) = 4*k**2 - 1. Let p be o(q). Suppose 0 = 5*d - p - 45. Calculate the remainder when d is divided by 7.
5
Let b = -41 + 44. What is the remainder when 10 is divided by b?
1
Suppose 2*y - n - 4 = -2*n, 3*y + 3*n - 12 = 0. Let h(o) = -o**3 + o**2 + o + 9. Calculate the remainder when 25 is divided by h(y).
7
Let k be (0 - (-284)/16)*16. Let h = k - 191. Calculate the remainder when h is divided by 24.
21
Suppose -2 = -5*p + 3, 3*t = -3*p - 39. Let y be (t/4)/(1/2). Let f = 1 - y. What is the remainder when 14 is divided by f?
6
Suppose -5 = v + 4*v. What is the remainder when 62 is divided by (v - -4) + (-2 - -20)?
20
Let z(a) = 2*a*